ue
Is 11614241 composite?
True
Is 2950093 a composite number?
False
Is 84548261 a prime number?
False
Is 2938153 prime?
False
Is 74690569 composite?
True
Is 154707349 a prime number?
True
Is 2509613 a composite number?
False
Is 2716843 prime?
True
Is 149771189 a prime number?
True
Is 117626941 prime?
True
Is 7680103 composite?
False
Is 45218427 a composite number?
True
Is 4355401 a prime number?
True
Is 5527001 prime?
True
Is 28371533 composite?
False
Is 3624287 prime?
True
Is 47598151 a prime number?
True
Is 1298175311 composite?
True
Is 35917577 a composite number?
False
Is 41510441 prime?
False
Is 8137451 composite?
True
Is 19583449 a composite number?
False
Is 142452665 a prime number?
False
Is 9551981 prime?
True
Is 6537899 prime?
True
Is 1732679 a prime number?
False
Is 17121557 a prime number?
True
Is 6326027 a prime number?
False
Is 507466961 composite?
False
Is 9309441 prime?
False
Is 13627843 a prime number?
True
Is 496205143 a composite number?
True
Is 146160353 composite?
False
Is 3737959 prime?
True
Is 9853159 prime?
True
Is 8775295 composite?
True
Is 1272097 prime?
False
Is 20117531 composite?
True
Is 12738959 a composite number?
False
Is 11469017 composite?
True
Is 4507949 a prime number?
True
Is 56453119 a composite number?
True
Is 76668169 a prime number?
True
Is 52342039 prime?
True
Is 37011893 a composite number?
False
Is 3260729 a prime number?
True
Is 594953 a prime number?
True
Is 48001903 composite?
False
Is 5764789 prime?
False
Is 106523213 a prime number?
True
Is 16998941 prime?
False
Is 2744927 a prime number?
False
Is 17909531 composite?
False
Is 3839429 composite?
True
Is 85404529 a composite number?
True
Is 143337059 a composite number?
False
Is 7701371 a prime number?
False
Is 53403311 a prime number?
False
Is 54938197 a prime number?
True
Is 5064901 a composite number?
True
Is 941615347 prime?
True
Is 64384109 prime?
False
Is 497205017 composite?
True
Is 3081997 composite?
True
Is 2310643 a composite number?
False
Is 537062035 a composite number?
True
Is 33244961 a prime number?
True
Is 103795403 composite?
True
Is 43444889 prime?
False
Is 726211 a composite number?
True
Is 5961793 a prime number?
True
Is 68256439 composite?
False
Is 8392273 a prime number?
False
Is 5367221 composite?
False
Is 14588671 prime?
True
Is 738257609 a prime number?
True
Is 795070411 composite?
False
Is 323606623 a prime number?
False
Is 24633587 a prime number?
False
Is 16471397 a composite number?
True
Is 16445227 composite?
False
Is 87654991 composite?
True
Is 18281257 a composite number?
True
Is 1742249 a prime number?
True
Is 15560557 a prime number?
True
Is 52490639 a composite number?
False
Is 4267927 prime?
True
Is 360379 composite?
True
Is 56167649 composite?
True
Is 122831959 composite?
False
Is 8329493 composite?
False
Is 4212961 prime?
False
Is 47638751 prime?
True
Is 136395169 composite?
False
Is 504127381 a prime number?
True
Is 114440162 a composite number?
True
Is 1440437 composite?
False
Is 35031 composite?
True
Is 36382161 a composite number?
True
Is 45916503 a prime number?
False
Is 19659989 composite?
False
Is 20822987 a composite number?
False
Is 963667 prime?
True
Is 3964183 a composite number?
False
Is 840647 composite?
True
Is 417666187 a composite number?
True
Is 36495911 a composite number?
True
Is 8294021 a composite number?
False
Is 2647721 prime?
False
Is 189127 composite?
False
Is 24726023 composite?
True
Is 14599979 composite?
True
Is 5539981 composite?
False
Is 4870637 a prime number?
False
Is 1760315759 a composite number?
False
Is 71718011 composite?
False
Is 119443739 a prime number?
True
Is 4699691 composite?
False
Is 1109083 a composite number?
True
Is 2040583 a prime number?
False
Is 11912993 prime?
True
Is 2134339 a prime number?
True
Is 21107699 a prime number?
True
Is 61279423 composite?
True
Is 4265203 a prime number?
False
Is 1552451 a prime number?
True
Is 86252263 a prime number?
False
Is 200672291 a composite number?
False
Is 1366377983 a prime number?
True
Is 340247 a composite number?
True
Is 206915363 prime?
False
Is 10427213 composite?
False
Is 168167 composite?
True
Is 590165 composite?
True
Is 2616553 composite?
False
Is 86620837 a composite number?
True
Is 4949783 prime?
False
Is 42992837 prime?
False
Is 2738573 a prime number?
True
Is 46516439 composite?
False
Is 1642703 prime?
False
Is 6504731 a composite number?
True
Is 14960719 prime?
True
Is 3489151 a prime number?
False
Is 11349827 a composite number?
False
Is 320021907 a composite number?
True
Is 51304299 composite?
True
Is 3872201 composite?
False
Is 77573693 a prime number?
False
Is 709811 composite?
True
Is 11816447 a prime number?
True
Is 556230673 prime?
False
Is 4042001 a composite number?
False
Is 1219147465 prime?
False
Is 773657 a prime number?
True
Is 4388731 composite?
False
Is 16288109 prime?
True
Is 161621267 composite?
False
Is 4877111 prime?
False
Is 106157269 a prime number?
True
Is 1369141 a prime number?
False
Is 968641 prime?
True
Is 643397017 a prime number?
True
Is 3887641 prime?
True
Is 12984379 a composite number?
True
Is 13530143 prime?
False
Is 81229229 a prime number?
True
Is 13641911 a prime number?
True
Is 167421017 a composite number?
False
Is 155486453 a composite number?
True
Is 169699711 prime?
True
Is 22591133 prime?
False
Is 103127 composite?
True
Is 5652617 composite?
False
Is 18303199 prime?
True
Is 2730011 composite?
False
Is 1568299 prime?
False
Is 27831059 a composite number?
True
Is 16623631 a composite number?
True
Is 4376587 composite?
False
Is 230308667 composite?
False
Is 9727453 a composite number?
False
Is 108330407 a composite number?
False
Is 46394002 prime?
False
Is 114307041 prime?
False
Is 13257061 prime?
True
Is 2188729 prime?
True
Is 403433 a prime number?
True
Is 12502957 composite?
False
Is 1824139 a prime number?
True
Is 999521 prime?
True
Is 69766141 a prime number?
False
Is 2315123 composite?
False
Is 12048073 composite?
False
Is 41741827 composite?
False
Is 10513639 a composite number?
False
Is 455951 prime?
False
Is 138041 a composite number?
False
Is 2184719 a composite number?
True
Is 2958929 a prime number?
False
Is 71757307 composite?
False
Is 62096191 a composite number?
False
Is 1001746 a composite number?
True
Is 169538693 prime?
True
Is 61022201 a prime number?
True
Is 3601931 a composite number?
False
Is 10201174 composite?
True
Is 4041697 composite?
True
Is 62905211 prime?
True
Is 47986981 composite?
True
Is 2957557 a composite number?
True
Is 15573543 composite?
True
Is 6215579 a composite number?
False
Is 21186431 composite?
True
Is 23162071 a composite number?
False
Is 2444983 composite?
False
Is 96651245 composite?
True
Is 4757891 prime?
False
Is 30881681 prime?
True
Is 2386429 prime?
True
Is 1048154663 a prime number?
True
Is 22206719 a prime number?
True
Is 254914291 prime?
True
Is 6598093 a prime number?
False
Is 2325697 composite?
True
Is 4935563 composite?
False
Is 502629 a prime number?
False
Is 145753 composite?
False
Is 11935601 a composite number?
False
Is 102976711 a prime number?
True
Is 1148039 a composite number?
False
Is 517920881 prime?
False
Is 1362247 a prime number?
True
Is 787633195 a composite number?
True
Is 1452149 composite?
False
Is 5657937 a prime number?
False
Is 8269271 a prime number?
True
Is 112653589 composite?
False
Is 3030611 a composite number?
True
Is 416921381 prime?
False
Is 1411573 composite?
False
Is 506081 composite?
True
Is 5747017 a prime number?
False
Is 2080501 composite?
False
Is 7412681 a prime number?
True
Is 4539541 composite?
False
Is 7065733 a composite number?
False
Is 4931074 composite?
True
Is 10195819 a prime number?
False
Is 6423983 prime?
False
Is 4588541 prime?
False
Is 13851001 prime?
False
Is 516004441 composite?
True
Is 2236981 a composite number?
False
Is 138207983 composite?
False
Is 5213993 a composite number?
False
Is 11683173 composite?
True
Is 465463 a prime number?
True
Is 249373 prime?
False
Is 1062198271 composite?
False
Is 5687531 composite?
False
Is 38977933 a composite number?
False
Is 17359883 a composite number?
False
Is 19025059 composite?
False
Is 5329383 a prime number?
False
Is 401526481 a prime number?
False
Is 5200906 a prime number?
False
Is 4047709 composite?
False
Is 10